t is the greatest common factor of 7651 and 106393?
7
What is the highest common factor of 7 and 183841651?
7
What is the highest common factor of 94291086 and 1298?
118
Calculate the greatest common divisor of 19 and 325366241.
19
Calculate the highest common divisor of 433965 and 735.
105
What is the greatest common factor of 7550595 and 1170?
585
What is the highest common factor of 177974334 and 43?
43
Calculate the greatest common factor of 486360 and 190440.
360
What is the greatest common factor of 672 and 14212464?
336
What is the highest common factor of 39572 and 340756?
52
What is the highest common divisor of 597 and 59606868?
597
Calculate the greatest common divisor of 271052 and 2636.
4
What is the highest common divisor of 606 and 51054?
6
Calculate the greatest common divisor of 14620333 and 195.
13
Calculate the greatest common divisor of 1012 and 2115356.
92
What is the highest common factor of 159241 and 1829?
59
What is the highest common factor of 5199 and 10947?
3
Calculate the highest common divisor of 30 and 245328.
6
What is the greatest common divisor of 298605 and 12330?
15
Calculate the highest common factor of 50 and 6027275.
25
What is the greatest common divisor of 18752819 and 34?
17
What is the greatest common factor of 456 and 10407174?
114
What is the greatest common factor of 428 and 49752?
4
What is the highest common divisor of 6566 and 19924259?
67
What is the highest common divisor of 16 and 45102206?
2
Calculate the highest common factor of 153120 and 28380.
660
Calculate the greatest common factor of 4066368 and 486.
6
What is the greatest common factor of 178799859 and 189?
189
What is the highest common divisor of 2396 and 7431793?
599
What is the greatest common factor of 4549825 and 5425?
175
What is the greatest common divisor of 2381588506 and 22?
22
What is the highest common factor of 11633215 and 3069?
341
What is the greatest common factor of 8549 and 1918968383?
8549
What is the greatest common factor of 5 and 429208630?
5
Calculate the greatest common divisor of 18711664 and 303.
101
Calculate the greatest common divisor of 1921569 and 8.
1
What is the greatest common divisor of 2560 and 283664896?
512
Calculate the greatest common divisor of 46502842 and 2354.
214
Calculate the greatest common factor of 13208 and 1393496.
104
What is the greatest common factor of 828657798 and 7188?
3594
Calculate the highest common divisor of 3100858 and 1370.
274
Calculate the greatest common factor of 6129691 and 6212.
1553
What is the greatest common factor of 2144198 and 161?
161
Calculate the greatest common divisor of 36494316 and 85436.
6572
Calculate the greatest common divisor of 18389 and 6459793.
2627
What is the highest common factor of 86208814 and 14022?
1558
What is the greatest common divisor of 22813 and 26383?
7
What is the highest common divisor of 420 and 11692140?
60
What is the highest common divisor of 315003746 and 1123?
1123
What is the highest common divisor of 1030 and 5510?
10
Calculate the highest common divisor of 21 and 181983669.
21
What is the greatest common divisor of 1789 and 5733?
1
Calculate the highest common divisor of 10469 and 17084306.
551
Calculate the greatest common divisor of 319 and 36057571.
11
What is the greatest common factor of 1030 and 34099798?
206
What is the greatest common factor of 16216113 and 34?
17
Calculate the greatest common factor of 9655 and 59776036.
1931
Calculate the greatest common divisor of 847 and 35585253.
121
Calculate the greatest common divisor of 51038 and 244712.
338
What is the greatest common factor of 69998 and 23548682?
2258
What is the highest common divisor of 155 and 7162521945?
155
What is the highest common factor of 2159052 and 588?
84
What is the greatest common divisor of 8 and 3262898?
2
What is the highest common divisor of 1432362 and 18?
6
What is the highest common factor of 16 and 1551954032?
16
What is the highest common factor of 13275 and 59525?
25
What is the greatest common divisor of 14575 and 8425675?
1325
What is the greatest common divisor of 45284605 and 12355?
1765
Calculate the greatest common divisor of 601 and 521830871.
601
What is the highest common divisor of 24738 and 4883874?
114
What is the highest common factor of 255 and 28167045?
255
What is the highest common factor of 86277 and 753?
3
What is the greatest common divisor of 151073130 and 94624?
5914
What is the greatest common divisor of 353 and 1236406857?
353
Calculate the greatest common divisor of 120 and 12590040.
120
What is the highest common divisor of 225467 and 95172?
1133
Calculate the greatest common divisor of 1151311 and 4347.
161
What is the highest common divisor of 177395359 and 59?
59
Calculate the greatest common factor of 4529376 and 2592.
288
What is the greatest common divisor of 163057322 and 1562?
142
What is the greatest common factor of 3551376 and 264?
24
Calculate the highest common divisor of 1495529 and 84329.
49
Calculate the highest common divisor of 277998 and 9198.
42
What is the highest common factor of 115558 and 684?
38
Calculate the greatest common factor of 220 and 110929610.
110
Calculate the greatest common factor of 15747 and 18792.
87
Calculate the highest common factor of 706048 and 12544.
1792
Calculate the greatest common factor of 5032 and 1942981.
629
Calculate the greatest common divisor of 132 and 831732.
132
What is the highest common factor of 210 and 25372170?
30
What is the greatest common factor of 3752 and 618008?
536
What is the highest common divisor of 1311 and 15656399?
437
What is the greatest common factor of 965 and 2025342?
193
Calculate the highest common divisor of 8056 and 257156.
212
What is the highest common factor of 288 and 2052072?
72
What is the greatest common divisor of 3735 and 6145785?
45
Calculate the highest common factor of 204867 and 70074.
153
What is the greatest common factor of 58056 and 9115776?
984
Calculate the highest common divisor of 697 and 44026579.
41
What is the highest common divisor of 1248582 and 2176?
34
Calculate the greatest common factor of 190016201 and 37.
37
Calculate the greatest common divisor of 13 and 114032867.
13
Calculate the greatest common factor of 667 and 6767237.
29
Calculate the greatest common factor of 135168 and 56976.
48
What is the highest common factor of 148070 and 3861?
13
Calculate the highest common factor of 112439 and 1790093.
229
Calculate the highest common divisor of 4 and 1924.
4
Calculate the highest common factor of 182 and 94827512.
26
Calculate the greatest common factor of 53732876 and 184.
92
What is the highest common divisor of 1853010 and 38610?
270
Calculate the greatest common divisor of 12 and 140559.
3
What is the greatest common divisor of 854026 and 4?
2
Calculate the highest common factor of 12207 and 14280312.
939
Calculate the greatest common factor of 98167425 and 75.
75
Calculate the greatest common factor of 933049 and 273.
13
Calculate the highest common divisor of 1321920 and 12555.
405
Calculate the highest common factor of 132779 and 179216.
23
Calculate the highest common factor of 2364 and 153792.
12
What is the greatest common factor of 53698552 and 75700?
3028
What is the greatest common divisor of 6110774 and 134518?
1306
What is the greatest common divisor of 13636703 and 17?
17
What is the highest common factor of 2323 and 4765685?
101
What is the greatest common divisor of 2180 and 6059092?
436
What is the greatest common divisor of 17544 and 1070813?
17
What is the highest common factor of 508 and 30011116?
508
Calculate the highest common divisor of 2830152 and 174858.
1158
Calculate the greatest common factor of 3157760 and 3840.
1280
Calculate the greatest common factor of 8638028 and 532.
28
Calculate the highest common factor of 31326 and 943185.
681
Calculate the greatest common factor of 119197781 and 47.
47
Calculate the highest common factor of 4102258 and 18102.
862
Calculate the highest common factor of 9760240 and 15025.
3005
Calculate the greatest common factor of 96 and 46810608.
48
Calculate the greatest common factor of 1785 and 1995987.
357
What is the greatest common divisor of 10 and 35235890?
10
Calculate the greatest common factor of 18624 and